s - 7. Let k be w(-3). Suppose x - k*x = -y. What are the prime factors of x?
73
Suppose -23*z = -5*z + 6*z - 590256. List the prime factors of z.
2, 3, 4099
Let o(r) = 83*r + 4. Let u be o(3). Suppose 0 = -4*h + 4*m + 284, 2*m + 50 = -3*h + u. Let i = h - -17. List the prime factors of i.
2, 43
Let g(l) = l**2 + 4*l - 2. Let m be g(3). Let c(k) = -4*k + m + 0*k + 5*k - 2*k. List the prime factors of c(12).
7
Suppose -12*w + 98708 = -108640. What are the prime factors of w?
37, 467
Let l = 178 + -67. Let m = l - -104. What are the prime factors of m?
5, 43
Let n = 19 + -15. Let f be -46*(10/n + -4). Suppose 147 = 2*s + 3*j, s + 2*j - f - 7 = 0. What are the prime factors of s?
2, 3, 11
Let s(l) be the first derivative of -2*l**2 + 21*l + 8. Let t = 7 - 26. List the prime factors of s(t).
97
Let v(p) = -p + 67. Let m be v(7). Suppose -t = 5*t - m. Suppose t*s - 338 = 92. List the prime factors of s.
43
Suppose y = 2*q - 58598, 9*q - 269459 + 5746 = -y. List the prime factors of q.
3, 9767
Suppose y + 0 + 5 = 0. Let w(m) = -158*m + 21. What are the prime factors of w(y)?
811
Suppose -1540 + 1353 = 11*h. Suppose q - 3 = 6. Let s = q - h. What are the prime factors of s?
2, 13
Let f = -362 + 246. Let s = f - -204. What are the prime factors of s?
2, 11
Let g be 5*(1 - (-211)/(-5)). Let p(h) = 5*h**3 - 3*h**2 + 6*h - 2. Let x be p(4). Let k = x + g. What are the prime factors of k?
2, 11
Suppose -2*p = -4*p + 8. Suppose 27*j = p*k + 25*j - 4968, -j + 2 = 0. What are the prime factors of k?
11, 113
Suppose -200 + 2 = d. Let s = -138 - d. Let b = s - -4. What are the prime factors of b?
2
Let s be 56/21 + (-10)/15. List the prime factors of -282*3/(-16) + s/16.
53
Let m = -509 + 501. List the prime factors of (-1 - -1) + (m - -229 - -3).
2, 7
Let h = 1 - 8. Let o = 508 + -470. Let f = o - h. List the prime factors of f.
3, 5
Suppose -21*z - 101 = 8*z + 73. Suppose 2*y + 4*r = -4, -2*r - 6 = -2*y + y. List the prime factors of (y/z)/(18/(-216)).
2
Let f(d) = -24*d + 136. Suppose 11*o + 36 = 2*o. List the prime factors of f(o).
2, 29
Let s = -268 + 298. Let l(z) = -z + 129. What are the prime factors of l(s)?
3, 11
Suppose 3*w = -4*o - 14 + 49, w - 10 = -o. List the prime factors of ((-15134)/(-115))/(2/w).
7, 47
Let v = 126 - 126. Suppose 0 = -0*n + n + w - 408, n - 5*w - 438 = v. List the prime factors of n.
7, 59
Suppose 0 = -7*a + 181395 - 20346. What are the prime factors of (-40)/70 + a/21?
3, 5, 73
Let w(v) = -33*v**3 - 9*v**2 - v + 3. Let c be w(-2). Let p = c - 86. List the prime factors of p.
3, 7
Let f = 84 + -156. What are the prime factors of 6915/35 - (-3 + f/(-28))?
2, 3, 11
Let c = 716 + 48. Suppose r + 4*i - 749 = 0, 13*r = 12*r + i + c. List the prime factors of r.
761
Let n(j) = 359*j + 20. Let g(c) = -1075*c - 59. Let r(t) = -6*g(t) - 17*n(t). What are the prime factors of r(1)?
19
Suppose 5*i - 1733 - 47 = 0. Let f = 669 - i. Suppose f = 5*s - 4*q, -2*q + 69 = s - 2. List the prime factors of s.
5, 13
Let q be (-5)/1*46/(-23). Let l = -1 + q. Let j = 47 - l. List the prime factors of j.
2, 19
Suppose 38*v = -3*v + 1681349 + 864054. List the prime factors of v.
7, 181
Suppose 23222 = 8*r - 40566 - 79844. What are the prime factors of r?
2, 47, 191
Let v = -27213 + 48797. List the prime factors of v.
2, 19, 71
Suppose -4*l + 0*w - 36 = -5*w, -12 = -3*w. List the prime factors of (-48)/l*2626/39.
2, 101
Let q(d) = d**3 - 54*d**2 - 66*d + 250. What are the prime factors of q(59)?
3, 11, 139
Suppose 5*c = -2*t + c, 4*c = -5*t + 24. Let y(p) = -t + 3*p**3 - p**2 - 6 - 3*p + 4. List the prime factors of y(4).
2, 7, 11
Let k(i) be the first derivative of -15*i**4/2 - 2*i**3/3 + 3*i - 1. Suppose -9 = 3*n + u - 1, -4*n = 3*u + 14. List the prime factors of k(n).
5, 47
Suppose -199*l + 1876 = -185*l. Let z = l + 1016. What are the prime factors of z?
2, 5, 23
Suppose 5*m + 5 = 0, -5*h + 9*m + 5 = 4*m. Suppose -80 = -h*s + 4*s. Let u = -3 - s. What are the prime factors of u?
17
Let c = 680 - 677. Suppose -d - c*i + 93 = 2*d, i - 57 = -2*d. What are the prime factors of d?
2, 13
Let k be (-16)/12*(-207)/(-92). List the prime factors of (924/12 + -5)*(-26)/k.
2, 3, 13
Suppose -t = -2*s - 12, 0*t - 5*t = -4*s - 54. Suppose 2*a = 7*a - t. Suppose 3*b - i = 175, 0 = -4*b + a*b - 4*i + 112. What are the prime factors of b?
2, 29
Let l(w) = -31*w + 5. Let x be l(4). Suppose 5*f - 6 + 141 = 0. Let d = f - x. What are the prime factors of d?
2, 23
Suppose -6498 = -2*k + 45*m - 47*m, -3246 = -k - 4*m. List the prime factors of k.
2, 5, 13
Suppose -322927 = -16*x + 321105. What are the prime factors of x?
2, 29, 347
What are the prime factors of (270/81)/(8/47820)?
5, 797
Let b = -5181 - -7415. List the prime factors of b.
2, 1117
Let j(t) = t**2 + 4*t. Let p be j(-4). Suppose -4*u = -p*u - 8. What are the prime factors of -4*(u/8 + 328/(-32))?
2, 5
Let v(a) = -5*a + 3. Let k be v(-2). Let o(m) = m**3 - 11*m**2 - 13*m + 11. Let w be o(k). Let i = -51 + w. List the prime factors of i.
3, 43
Suppose 0 = 10*l + 18 - 148. Suppose l*i + 80 = 15*i. What are the prime factors of i?
2, 5
Let g be (-23012)/(-20) - 6/(-15). Suppose 1913 + g = 8*q. List the prime factors of q.
383
List the prime factors of 12/9*97290/20.
2, 3, 23, 47
Let y(u) = 56*u**3 - 88*u**2 + 750*u - 25. What are the prime factors of y(10)?
3, 5
Let z = -244 - -247. Suppose 45 + 21 = z*j. List the prime factors of j.
2, 11
Let g be (-74)/(-26) + 24/156. Suppose 0 = 3*d - 3*n - 255, -g*n + 0*n = 5*d - 441. Suppose d*w = 85*w + 232. What are the prime factors of w?
2, 29
Suppose -177*r - 309*r = 63*r - 18937755. List the prime factors of r.
5, 6899
Let u(g) = 4*g**3 - 6*g**2 - 5*g - 1. Let f be u(5). Suppose f = 3*m - 258. What are the prime factors of m?
2, 97
Let d be 1/(-2) - 244/(-8). Let w be 48/(-120) + (-321)/(-15) + 0. Suppose 0 = -w*u + 18*u + d. What are the prime factors of u?
2, 5
Suppose -4*y = -5*t - 86 + 399, 0 = 3*y + 2*t + 206. Let q be -116*6/y*39/1. What are the prime factors of 24563/q + (8/26)/(-2)?
5, 13
Suppose 133 = 9*a + 11356. Let k = -783 - a. List the prime factors of k.
2, 29
Suppose -5*x = 4*i + 25, -5*i + x - 47 = 2*x. Let h(l) = -l**3 - 10*l**2 + 2*l + 9. Let w be h(i). What are the prime factors of -1 - -117 - w/((-22)/(-8))?
2, 3, 5
Suppose 0 = -9*q - 4839 - 1686. Let a = q - -1259. What are the prime factors of a?
2, 3, 89
Suppose 4*j + 12072 = 2*d, 4*d = -j + 4*j + 24154. Suppose -5*h + d = 5*h. What are the prime factors of h?
2, 151
Suppose 477*i - 479*i + 24370 = 0. List the prime factors of i.
5, 2437
What are the prime factors of (-12)/9*(-227199)/62?
2, 7, 349
Let b be (-13)/(-5) - ((-140)/(-25) + -6). Suppose -b*o + 5*f + 30 = 0, 3*o + 2*f = 13 + 17. Let u(x) = 2*x**2 - 15*x + 7. List the prime factors of u(o).
3, 19
Suppose -3*z + 88*r = 87*r - 1826, -5*z + 3050 = -3*r. Suppose -6*b = -z - 3035. List the prime factors of b.
607
Suppose 19*o - 3*q = 18*o + 74, -5*q = -o + 80. What are the prime factors of 3518/5 + 26/o?
2, 11
Suppose -53*s = -48*s - 5. Let i = 66 + s. Let y = 85 + i. List the prime factors of y.
2, 19
Let n be ((-4)/6)/((-4)/18). Let v(o) = 18*o - 2. Let t(g) = -34*g + 5. Let f(p) = 2*t(p) + 5*v(p). What are the prime factors of f(n)?
2, 3, 11
Let p(n) = -1 + 1 - 10*n - 22*n**2 - 3 + 0. Let t(u) = 15*u**2 + 7*u + 2. Let o(g) = -5*p(g) - 7*t(g). List the prime factors of o(-4).
7, 11
Let f(n) = 24*n**2 + 85*n - 666. List the prime factors of f(30).
2, 3, 19, 103
Let v(m) = m**2 - 3*m + 3. Let i be v(3). Let u(b) = b + 4. Let k be u(0). Suppose -171 = -3*d + 3*n, -k*n + 5 = -i. What are the prime factors of d?
59
Let u be (-2)/10*1 - 36864/(-720). Suppose 0 = 2*s - 3*m - 992, u*m - 964 = -2*s + 47*m. What are the prime factors of s?
2, 5, 7
Let j be 7075/(((-3)/(-30))/((-14)/(-35))). Suppose -29*w + j = -9*w. List the prime factors of w.
5, 283
Let k(o) = o**3 - 13*o**2 - 14*o + 10. Let b be k(14). Let l(y) = -2*y + 5. Let j be l(b). Let x(u) = -u**2 - 21*u - 32. What are the prime factors of x(j)?
2, 29
Let y = 76 + -159. Let n = y - -86. Suppose 2*w + 3*w + 2*p - 1207 = 0, 3*w + n*p = 717. List the prime factors of w.
3
Let y be (-163)/11 - 4/22. Let b = 244 + y. What are the prime factors of b?
229
Let r(t) = 3*t - 34. Let p = 17